e ten thousands digit of r?
4
Let q be 850/(-10) - (-3 + 1). Let u = 510 + q. What is the tens digit of u?
2
Suppose 0 = -5*m - 7 - 13, 0 = 4*r - 5*m - 26880. What is the units digit of r?
5
Let s be (9 + -5)/(-8)*1106. What is the hundreds digit of (-316)/s + 5074/14?
3
Suppose -7*h + 5*h = 0. Suppose 6*j - 20 = 2*j, 5*b + 4*j - 35 = h. Suppose -b*k + 220 = 5*o, -242 - 166 = -5*k + 2*o. What is the tens digit of k?
8
Let f = 53 - 47. Let y be ((-56)/f + 4)*36. Let m = -59 - y. What is the hundreds digit of m?
1
Let x(g) = 63*g**2 + 10*g - 38. What is the units digit of x(3)?
9
Let t = 10116 - 4186. What is the hundreds digit of t?
9
Suppose 5*m + 25 = 0, 2*l + 366*m - 363*m - 20643 = 0. What is the ten thousands digit of l?
1
Let x = -107 - -103. What is the tens digit of 750 + (-5 - (-1 - x))?
4
Suppose 5*n - 252 = 88. Suppose -i - 141 = -3*x, 85*x - 84*x + 4*i - 21 = 0. Let q = x + n. What is the hundreds digit of q?
1
Suppose 131614 = -147*s + 2266348. What is the tens digit of s?
2
Suppose 7279 = 4*q + 5*p, 0 = 4*q - 8*q - p + 7267. Suppose -q + 616 = -8*i. What is the units digit of (-2)/7 - i/63*-69?
4
Let c be 3*((-80)/(-12) + -3). Suppose 6 = -c*a + 13*a. Suppose 39 = a*u - 5*r, -3*u - 6 = -4*r - 42. What is the units digit of u?
8
Let g = -72915 - -102433. What is the hundreds digit of g?
5
Suppose -125 = -10*v + 5*v. Suppose 0 = -11*d + v*d - 18942. What is the thousands digit of d?
1
Let y = 86 - 83. Suppose 3*f - y = 4*f, 0 = -4*x + 2*f + 6. Suppose -3*d - 2*m + 425 = x, -491 = -4*d + 3*m + 53. What is the tens digit of d?
3
Let r(k) = 3*k**2 - 28*k + 480. What is the tens digit of r(-73)?
1
Let m be (16 - -2)*((-52)/(-6))/(-13). Let f(o) = o**3 + 16*o**2 + 24*o + 1. What is the units digit of f(m)?
9
What is the tens digit of 44029 - ((-8)/5)/(-5 + 1278/270)?
2
Suppose -3*w = -5*l - 1955, -5*w = 4*l - l + 1139. Let f = 813 + l. What is the units digit of f?
5
Let q(d) = -d**3 + 6*d**2 - 6*d + 7880. What is the units digit of q(0)?
0
Let z(k) = 67*k - 102. Let o be z(-18). Let u = o - -2381. What is the thousands digit of u?
1
Let q be -12*(-3 - -6 - 2). Let o be (2 - (-4)/3)/((-2)/q). Suppose 890 = o*s - 15*s. What is the units digit of s?
8
Suppose -368113 = -5*u - a, -2*u - 65*a + 61*a = -147238. What is the units digit of u?
3
Let c = 10560 + -7040. What is the hundreds digit of c?
5
Let a(o) = 2*o**2 + 6*o - 29. Let f = -85 + 94. Let d(w) = w**3 - 8*w**2 - 8*w - 18. Let y be d(f). What is the units digit of a(y)?
9
Let j(m) = 12*m**2 - 30*m - 290. What is the tens digit of j(-13)?
2
Let a = 12841 + -7424. What is the tens digit of a?
1
Let z(s) = 5*s + 3. Let u be z(1). Let c = u - 2. What is the units digit of c/4 + (-280)/(-16)?
9
Let p = 133 + -79. Let g be (p/24)/(3/152). Suppose g = 4*d - 14. What is the tens digit of d?
3
Let u be (11/(-11))/(2/(-4)). Suppose 0*x - 2*x - 6 = 0, -604 = -u*r + 4*x. Suppose -68 = 2*t - r. What is the hundreds digit of t?
1
Let r(a) = 80*a - 2856. What is the units digit of r(76)?
4
Let q(o) = o**2 - 7*o - 7. Let v be q(8). Let u be -4*2/((-16)/(-1174)) - v. What is the units digit of (-1)/((-2348)/u + -4)?
7
Let a = -261 - -453. Suppose 70*i - 69*i = a. What is the tens digit of i?
9
Let g = 38 + -2. Let n be 8/g + (-5583)/(-27) + -3. What is the units digit of ((-24)/48)/((-2)/n)?
1
Let g be (-175)/(-3) + (-6)/(-9). Suppose s - 20 = 5*s, 0 = -3*j + s + 14. Suppose -2*a = 2*f - 83 - g, 0 = -j*a. What is the tens digit of f?
7
Suppose 0 = -5*f + 12*f - 28. Suppose 0 = -2*o + 4*d + 34, 22 = f*o - 2*o - d. Let p = 67 + o. What is the tens digit of p?
7
Let b be (8/6)/(16/72). Suppose b*s = 5*s + 360. Suppose -6 = 3*d, -3*d = 2*q - 4*q + s. What is the units digit of q?
7
Let r = -370 + 369. What is the tens digit of 1129 - (0 + (7 - 6)) - r?
2
Suppose -172*f + 197084 = 94*f + 23652. What is the tens digit of f?
5
What is the units digit of (-5092)/(-7)*(-3150)/(-300)?
8
Let o(d) = -d**2 - 134. Let h(u) = -1. Let y(t) = 6*h(t) - o(t). Let p be y(0). Let n = p - 110. What is the units digit of n?
8
Suppose -18*g = 594 + 162. Let o = -67 + 257. Let v = g + o. What is the hundreds digit of v?
1
Let v(k) = -5*k + 22. Let w(b) = -5*b + 23. Let d(c) = -5*v(c) + 4*w(c). Let o be d(15). Let h = o + 14. What is the tens digit of h?
7
Let a = 27816 - 16531. What is the ten thousands digit of a?
1
Suppose -14 = -5*p - 4, 3*f + 160 = 5*p. Let n = f + 19. Let z = n + 116. What is the units digit of z?
5
Let a = 19303 + -13706. What is the hundreds digit of a?
5
Let n = -22 - -25. Suppose -5*k + 0*k = 4*c - 997, -n*k - c + 601 = 0. Suppose 4*v - v - h - k = 0, -v = 2*h - 67. What is the tens digit of v?
6
Suppose -13*h + 9*h + 8 = 0. Let j(s) = 3*s + h*s - 8*s - s - 10 + 3*s**2. What is the tens digit of j(-4)?
5
Let g(o) = -11*o + 61. Let j be g(5). What is the tens digit of 5 - (5 - 57) - j?
5
Let s = 30382 + 10333. What is the ten thousands digit of s?
4
Let j = 928 - 517. Let i = j + -46. What is the hundreds digit of i?
3
Suppose -3*y = 3*j + 1788, -420 = 2*y - j + 781. Let o = 916 + y. What is the hundreds digit of o?
3
Let y(o) = 4*o + 59*o**2 + 9 + 3 + 83*o**2. Let w be y(-5). What is the tens digit of w/33 + 2/3?
0
Let b(l) = 5*l - 15. Let o be b(4). What is the units digit of (o/(-4) - -1) + (-91667)/(-124)?
9
Suppose 43*j - 36*j - 28 = 0. Suppose 3*y + 1912 = 5*z, j*z - z + 2*y = 1132. What is the tens digit of z?
8
Let z = -1025 + 419. What is the tens digit of (-32)/(-12)*z/(-4)?
0
Let t(z) = -263*z**3 + 2*z**2 + 13*z - 1. What is the hundreds digit of t(-2)?
0
Suppose 4*w + 4 = 0, 5*g - 5 = -4*w + 16. Suppose -10*t + g = -9*t. Suppose -t*p = -5*b + 790, -b + 5*p = -0*b - 170. What is the units digit of b?
5
Let y(s) = -156*s + 5734. What is the units digit of y(-129)?
8
Let o(f) = 5*f**2 - 41*f - 10. Let z be o(9). Let j(p) = 2*p**2 - 17*p + 67. What is the hundreds digit of j(z)?
9
Suppose 9*x = 26 - 62. Let z be 15/35 - (-4374)/(-14). What is the tens digit of (-2)/x*z/(-12)?
1
Let w be ((-498)/4)/((-24)/(-48)). Let d = w + 630. What is the hundreds digit of d?
3
Let c(a) be the third derivative of -a**4/3 + 3*a**3 - 465*a**2. Suppose n + 0 + 16 = 0. What is the units digit of c(n)?
6
Let h = 677 - -10166. What is the hundreds digit of h?
8
Suppose -2 = -3*r + 4*w + 23, -3*r + 41 = 4*w. What is the tens digit of 0/2 - (-1166)/r?
0
Suppose 12*x + 4823 + 2053 = 0. Let l = x - -615. What is the units digit of l?
2
Suppose -2274*k = -2269*k - 3865. What is the units digit of k?
3
Let w = -1046 - -1048. Let j be ((-364)/10)/(1/(-10)). Suppose -5*v - 105 = -g, -3*g - 23 + j = -w*v. What is the tens digit of g?
1
Suppose 4*a - 102 = -4*w - 6, -2*a = 3*w - 52. Suppose -a*c = -6594 - 46. What is the units digit of c?
2
Suppose -3*s + 4*o - 525 = 0, 126*o - 121*o - 343 = 2*s. Let p = s + 311. What is the tens digit of p?
3
Suppose 0 = -5*q - 15, -10*j + q + 104817 = 2*q. What is the tens digit of j?
8
Suppose -34871*g = -34842*g - 612016. What is the tens digit of g?
0
Let k(b) = -b**2. Let p(f) = -5*f**2 - 16*f - 61. Let r(h) = 6*k(h) - p(h). Let x be r(19). Let z(i) = 12*i**2 + i + 1. What is the tens digit of z(x)?
9
Let u = -425 + 234. Let w = u + 366. What is the tens digit of w?
7
Let l = 2278 + -26. What is the hundreds digit of l?
2
Let j = -10 - -14. Let a be j - (-4 - 8/(-1)). Suppose k = 5*n + 27, 3*k + a*k = -5*n + 121. What is the tens digit of k?
3
Suppose 34*d - 50394 - 42664 = 0. What is the thousands digit of d?
2
Let a = -214 + 472. Let d = a - 76. What is the tens digit of d?
8
Let t be (-125)/(-20) + -6 + 46/8. Let p be (-1 + 7)/(1 - 2/t). Suppose 4*b - p*b = -820. What is the hundreds digit of b?
1
Let q = -45230 - -66786. What is the ten thousands digit of q?
2
Let h = 655 + -641. What is the hundreds digit of (-2)/h + (-649638)/(-462)?
4
Suppose 5*p = -52*p - 456751 + 1297558. What is the thousands digit of p?
4
Let g(u) be the third derivative of -u**6/120 - 2*u**5/15 + 13*u**4/24 - 4*u**3 + 2*u**2 + 4*u. What is the units digit of g(-13)?
2
Let s be ((-1002)/7)/(-2 + 91/49). Let z be s/15 + (-8)/10 - -3. Let u = 212 - z. What is the units digit of u?
3
Suppose -5*h + 3 + 7 = 0. Let l = -3341 - -3379. Let z = h + l. What is the units digit of z?
0
Let v be -1 + 10 + (0 - 2